the prime factors of (192/(-128))/(2/(-39876)).
3, 3323
Suppose 0 = -p + 43*d - 48*d + 6583, 19791 = 3*p + d. What are the prime factors of p?
2, 3299
What are the prime factors of (-5)/(-6) - 25400466/(-972)?
3, 31, 281
Suppose 23 = 4*p + b, 0*b - 2*b + 21 = 3*p. Suppose 5*l - 3*g = 14 + 497, 0 = p*l + 3*g - 529. What are the prime factors of l?
2, 13
Let x = -38097 + 97637. List the prime factors of x.
2, 5, 13, 229
Let z(g) = 867*g**3 + 11*g**2 - 34*g + 19. What are the prime factors of z(3)?
5, 937
Let m(l) = -485*l - 20. Let p be m(2). Let z be (3/3 - p) + 3/(-3). Suppose -3*y = -z + 183. What are the prime factors of y?
269
Let f = -58921 + 120028. List the prime factors of f.
3, 20369
Let q be (3/(-4))/(2/(-6 + -2)). Suppose 4*y - 3000 = -5*u, 0 = -q*y + 3*u + 401 + 1822. List the prime factors of y.
5, 149
Let j(a) = 426 + 23 + 43 - 155*a - 13 - 20*a. List the prime factors of j(-6).
11, 139
Suppose 3*g = 2*b - 15, 3*g + 22 - 1 = 3*b. Suppose b*l + 2 = 7*l. Suppose -3*y - l*d + 25 = 0, -6*y + y = -5*d - 50. What are the prime factors of y?
3
Suppose -211*p - 2081282 = -5480351 - 3797297. List the prime factors of p.
2, 17053
Let f = -13706 + 24957. What are the prime factors of f?
11251
Let c be 2/4*-4*-130. Suppose 3*r - 23*r + c = 0. Suppose -u = -95 + r. List the prime factors of u.
2, 41
Let d = 28 + -25. Let b be (16 - 17)*(-9 + -1 + d). Suppose -3*s + b*i + 142 = 5*i, -43 = -s + 5*i. List the prime factors of s.
2, 3
Let z = -3522 + 11359. What are the prime factors of z?
17, 461
Suppose -90 = 5*o - 30. Let z = -3 + o. Let k = z + 53. What are the prime factors of k?
2, 19
Suppose -d - 27 - 4 = 0. Let h = d - -33. Suppose -2*x + 3*m = -6*x + 22, h*x = 4*m. List the prime factors of x.
2
Let r(k) = 2*k**2 - 9*k - 41. Let a be r(7). List the prime factors of 8/a + (-20644)/(-39).
2, 3, 11
Suppose 184 = 8*n - 8. Suppose -p - 22*y = -n*y - 5, -45 = -2*p - 3*y. List the prime factors of p.
3, 5
Suppose -2*y - 2*k = -5*k - 71, 3*k + 43 = y. Suppose y*h - 3*h = 9250. List the prime factors of h.
2, 5, 37
Suppose -38*d + 0*d + 836 = 0. Suppose -d = -2*i - 32, -5*i + 693 = 2*v. List the prime factors of v.
359
Let x = 23683 + -10163. What are the prime factors of x?
2, 5, 13
Suppose -y = 7*a - 3*a - 115, 0 = -2*y - 3*a + 225. Suppose 2*q + 196 = -2*q. Let s = q + y. List the prime factors of s.
2, 31
List the prime factors of 1285533/21 - -8 - (-6)/(-7).
61223
Let a(q) = 64*q**2 - 31*q - 11. Let j be a(11). Suppose -8*b = -15*b + j. List the prime factors of b.
2, 3, 11
Let h(l) = 78*l + 88. Let v(n) = -n**3 + 6*n**2 - 5*n + 4. Let o be v(2). What are the prime factors of h(o)?
2, 7, 31
Let u(w) = w**3 + 18*w**2 - 19*w - 59. Let p(b) = 5*b + 135. Let o be p(-30). What are the prime factors of u(o)?
17, 53
Suppose 11*x - 15*x - 24 = -4*n, n + 4*x = 6. Let d(u) = 5*u**3 - 6*u**2 - 8*u - 24. List the prime factors of d(n).
2, 3, 11
Let k = -26360 - -49250. What are the prime factors of k?
2, 3, 5, 7, 109
Suppose 113 = -3*l + 128. Suppose l*x + k = 4328, -3*x + 0*k - k + 2598 = 0. List the prime factors of x.
5, 173
Let d(a) be the second derivative of -a**5/120 + a**4/8 + 7*a**3/3 + 11*a. Let j(m) be the second derivative of d(m). What are the prime factors of j(-7)?
2, 5
Let q = 92 - 90. Let s(i) = -2*i + 7. Let w be s(q). Suppose -4*t + 148 = 4*f, 0*f + w*f + 2*t - 107 = 0. What are the prime factors of f?
3, 11
Suppose 4*c + 2*l = 103094, 12*c + 4*l - 128860 = 7*c. List the prime factors of c.
2, 3, 179
Let g be 4/(-14) + ((-82596)/(-14))/6. Let s = g - 729. List the prime factors of s.
2, 127
Let u(s) = -2047*s - 10. What are the prime factors of u(-2)?
2, 1021
Let t = 20440 + -11530. What are the prime factors of t?
2, 3, 5, 11
Let z(i) = -16*i - 1. Let y = 3 + 1. Suppose 0 = -6*k + y*k - 10. What are the prime factors of z(k)?
79
Let p(w) = -3725*w + 8918. What are the prime factors of p(-10)?
2, 29, 199
Let i(l) = l**3 + 10*l**2 + 14*l + 19. Let d = 51 + -46. Suppose -d*t = -6*g + 3*g - 29, -3*g - 19 = 5*t. List the prime factors of i(g).
5, 7
Let o(r) = 4*r + 13. Let b be o(-4). Let c be -4 - 20/(-4) - (b - -1). Suppose 2*g = c*p + 109, 3*p + 159 = -2*g + 5*g. List the prime factors of g.
2, 5
Let c(a) = -a**2 + 11*a - 10. Let s be c(8). Suppose 0 = -s*k + 46 + 66. What are the prime factors of (-2)/(k/340*-1)?
5, 17
Suppose -2*u = -4*c - 2998, 4*u - 2041 - 3943 = 5*c. List the prime factors of u.
3, 7, 71
Let n be 1*6/9 - 34/(-3). Suppose -974 = n*q - 218. What are the prime factors of 0 - q - 34/17?
61
Let r(a) = -139 + 87 + 73 + 36*a**2 - a**3 - 39*a. What are the prime factors of r(33)?
3, 23, 29
Suppose 3*k = -3*x - 1497, -48*k + 1477 = -3*x - 47*k. Suppose 0*t = -t + 755. Let a = t + x. List the prime factors of a.
3, 29
Suppose 0 = -108*p + 109*p + 8. Let k = p + 11. Suppose -k*b + 5 + 1 = 0, 3*c - 425 = -b. What are the prime factors of c?
3, 47
Let w(t) = -t**3 + 9*t**2 - 3*t + 12. Let r be w(7). Let g be ((-146)/(-6))/(2/6). Let o = r - g. What are the prime factors of o?
2
Let m(t) = -653*t + 328. List the prime factors of m(-7).
3, 23, 71
What are the prime factors of (9 + 10*3/(-6))*(-793)/(-4)?
13, 61
Let j = 37 - 26. Suppose j*x - 9*x = 6. Suppose -5*z = 4*m - 431, -x*z + 5*m + 0*m + 266 = 0. What are the prime factors of z?
3, 29
Let v = -1910 + 5902. List the prime factors of v.
2, 499
Suppose 40036008 = 524*w + 28*w. List the prime factors of w.
29, 41, 61
List the prime factors of 16*(-45)/(-600)*(-7 + 19372).
2, 3, 1291
Suppose 0 = -147*y - 220*y + 14823130. List the prime factors of y.
2, 5, 7, 577
Let g be 6 + (3 - 6) + -39 + 2. Let f = g - -38. Suppose 4*r = 0, -f*r + 155 = -3*x + 590. List the prime factors of x.
5, 29
Let b = -40556 - -57573. What are the prime factors of b?
7, 11, 13, 17
Let i = 79656 - 33879. What are the prime factors of i?
3, 15259
Let l be 6 - (-2 + -2 + 6). Let w(f) = 6*f**3 - f**2 - 10*f - 4. What are the prime factors of w(l)?
2, 3
Let a be (339/(-2))/((-36)/48). Let b = -145 + a. What are the prime factors of b?
3
Let c be 39*(1 - 6*5/45). Suppose c*i + 391 = 2913. What are the prime factors of i?
2, 97
Suppose -19*w = -2*w - 41565. What are the prime factors of (-4)/5 + w/25 - -2?
3, 11
Let g = -1291 + 891. Let q = 1017 + g. What are the prime factors of q?
617
Suppose -4*o - 4*s = -17724, -4*o - 8*s = -3*s - 17719. What are the prime factors of o?
2, 1109
Let a(f) be the first derivative of -5*f**4/2 + 4*f**3/3 + f**2 + f + 8. Let z be a(-4). Suppose -14*n = -2223 + z. List the prime factors of n.
109
Let t(x) = 172*x + 25. Let y = 182 + -179. What are the prime factors of t(y)?
541
Suppose l = 176 - 205. Let j = l - -409. What are the prime factors of j?
2, 5, 19
What are the prime factors of 138/(-1 - (2 + -6) - (-6335)/(-2115))?
3, 23, 47
Suppose 0 = -2*y + 19*y - 5729. Let h = 539 - y. What are the prime factors of h?
2, 101
Let i = -37953 - -53239. List the prime factors of i.
2, 7643
Suppose -4*i + q + 24577 = 0, -2*i + 4897 + 7389 = 2*q. List the prime factors of i.
2, 3
Suppose 1447 + 617 = 4*l. Suppose l = -4*a - 0*a. Let o = -58 - a. What are the prime factors of o?
71
Let j(f) = f**3 - 9*f**2 + f - 7. Let y be j(9). Suppose -y*v + 5 + 0 = -g, -2*v - 4*g + 20 = 0. List the prime factors of (1 - v/1) + 20.
17
Let t(c) = -3*c**3 - 15*c**2 - 67*c + 33. List the prime factors of t(-14).
6263
Let u(j) = -25*j - 2. Let w be u(-6). Suppose -w*d + 151*d - 99 = 0. List the prime factors of d.
3, 11
Suppose 9*f = 12*f + 4*o - 33, f - 11 = -4*o. Suppose -6862 - 1069 = -f*u. What are the prime factors of u?
7, 103
What are the prime factors of -8 + 10 + 30/15 + 45639?
13, 3511
Let x(y) = 336*y**2 - 10*y + 71. List the prime factors of x(12).
5, 7, 1381
Let d = 93 - 25. Let h = d + -66. Suppose h*j - 7*j = 5*z - 290, -5*j = -5*z - 330. What are the prime factors of j?
2, 31
Suppose 24*o - 29*o = 4*q - 14163, 6*o = -q + 17007. List the prime factors of o.
3, 5, 7
What are the prime factors of (-663)/34*-6*34859/99?
13, 3169
Let f(m) = 13*m + 11. Let y = -629 + 680. What are the prime factors of f(y)?
2, 337
Let v = 2317 + 152. List the prime factors of v.
3, 823
Let z be (-4)/((-48)/92655) + 3/4. Suppose -m = 21*m - z. What are the prime factors of m?
3, 13
Let b(a) be the third d